{"id":13,"date":"2023-01-23T12:11:49","date_gmt":"2023-01-23T12:11:49","guid":{"rendered":"http:\/\/localhost\/kuhmo2023\/?page_id=13"},"modified":"2023-07-24T08:02:22","modified_gmt":"2023-07-24T08:02:22","slug":"juhlavuoden-ohjelma","status":"publish","type":"page","link":"https:\/\/runolaulu.fi\/suomalais-ugrilainen-kulttuuripaakaupunki-2023\/juhlavuoden-ohjelma\/","title":{"rendered":"Juhlavuoden ohjelma"},"content":{"rendered":"\t\t<div data-elementor-type=\"wp-page\" data-elementor-id=\"13\" class=\"elementor elementor-13\" data-elementor-post-type=\"page\">\n\t\t\t\t\t\t<section class=\"elementor-section elementor-top-section elementor-element elementor-element-adf905c elementor-section-full_width elementor-section-height-default elementor-section-height-default\" data-id=\"adf905c\" data-element_type=\"section\">\n\t\t\t\t\t\t<div class=\"elementor-container elementor-column-gap-default\">\n\t\t\t\t\t<div class=\"elementor-column elementor-col-100 elementor-top-column elementor-element elementor-element-359f4eb\" data-id=\"359f4eb\" data-element_type=\"column\" data-settings=\"{&quot;background_background&quot;:&quot;classic&quot;}\">\n\t\t\t<div class=\"elementor-widget-wrap elementor-element-populated\">\n\t\t\t\t\t\t<div class=\"elementor-element elementor-element-687aa2c elementor-widget elementor-widget-image\" data-id=\"687aa2c\" data-element_type=\"widget\" data-widget_type=\"image.default\">\n\t\t\t\t<div class=\"elementor-widget-container\">\n\t\t\t<style>\/*! elementor - v3.21.0 - 15-04-2024 *\/\n.elementor-widget-image{text-align:center}.elementor-widget-image a{display:inline-block}.elementor-widget-image a img[src$=\".svg\"]{width:48px}.elementor-widget-image img{vertical-align:middle;display:inline-block}<\/style>\t\t\t\t\t\t\t\t\t\t<img fetchpriority=\"high\" decoding=\"async\" width=\"1920\" height=\"397\" src=\"https:\/\/runolaulu.fi\/suomalais-ugrilainen-kulttuuripaakaupunki-2023\/wp-content\/uploads\/2023\/01\/headerkuva-ohjelma.webp\" class=\"attachment-full size-full wp-image-754\" alt=\"Suomalais-ugrilainen kulttuurip\u00e4\u00e4kaupunki Kuhmo\" srcset=\"https:\/\/runolaulu.fi\/suomalais-ugrilainen-kulttuuripaakaupunki-2023\/wp-content\/uploads\/2023\/01\/headerkuva-ohjelma.webp 1920w, https:\/\/runolaulu.fi\/suomalais-ugrilainen-kulttuuripaakaupunki-2023\/wp-content\/uploads\/2023\/01\/headerkuva-ohjelma-640x132.webp 640w, https:\/\/runolaulu.fi\/suomalais-ugrilainen-kulttuuripaakaupunki-2023\/wp-content\/uploads\/2023\/01\/headerkuva-ohjelma-960x199.webp 960w, https:\/\/runolaulu.fi\/suomalais-ugrilainen-kulttuuripaakaupunki-2023\/wp-content\/uploads\/2023\/01\/headerkuva-ohjelma-768x159.webp 768w, https:\/\/runolaulu.fi\/suomalais-ugrilainen-kulttuuripaakaupunki-2023\/wp-content\/uploads\/2023\/01\/headerkuva-ohjelma-1536x318.webp 1536w\" sizes=\"(max-width: 1920px) 100vw, 1920px\" \/>\t\t\t\t\t\t\t\t\t\t\t\t\t<\/div>\n\t\t\t\t<\/div>\n\t\t\t\t\t<\/div>\n\t\t<\/div>\n\t\t\t\t\t<\/div>\n\t\t<\/section>\n\t\t\t\t<section class=\"elementor-section elementor-top-section elementor-element elementor-element-1dce7b3 elementor-section-boxed elementor-section-height-default elementor-section-height-default\" data-id=\"1dce7b3\" data-element_type=\"section\">\n\t\t\t\t\t\t\t<div class=\"elementor-background-overlay\"><\/div>\n\t\t\t\t\t\t\t<div class=\"elementor-container elementor-column-gap-default\">\n\t\t\t\t\t<div class=\"elementor-column elementor-col-100 elementor-top-column elementor-element elementor-element-6b65704\" data-id=\"6b65704\" data-element_type=\"column\">\n\t\t\t<div class=\"elementor-widget-wrap elementor-element-populated\">\n\t\t\t\t\t\t<div class=\"elementor-element elementor-element-e6c8aa4 elementor-widget elementor-widget-text-editor\" data-id=\"e6c8aa4\" data-element_type=\"widget\" data-widget_type=\"text-editor.default\">\n\t\t\t\t<div class=\"elementor-widget-container\">\n\t\t\t<style>\/*! elementor - v3.21.0 - 15-04-2024 *\/\n.elementor-widget-text-editor.elementor-drop-cap-view-stacked .elementor-drop-cap{background-color:#69727d;color:#fff}.elementor-widget-text-editor.elementor-drop-cap-view-framed .elementor-drop-cap{color:#69727d;border:3px solid;background-color:transparent}.elementor-widget-text-editor:not(.elementor-drop-cap-view-default) .elementor-drop-cap{margin-top:8px}.elementor-widget-text-editor:not(.elementor-drop-cap-view-default) .elementor-drop-cap-letter{width:1em;height:1em}.elementor-widget-text-editor .elementor-drop-cap{float:left;text-align:center;line-height:1;font-size:50px}.elementor-widget-text-editor .elementor-drop-cap-letter{display:inline-block}<\/style>\t\t\t\t<ul><li><a href=\"http:\/\/localhost\/kuhmo2023\/juhlavuoden-ohjelma\/virallinen-avajaistilaisuus-perjantaina-24-2\/\">24.2. Juhlavuoden avajaiset<\/a><\/li><li>19.-28.2. Kuhmon Talvi<\/li><li>20.-28.2. Kalevalaviikko ja Kalevalan p\u00e4iv\u00e4<\/li><li>24.-26.2. Suomalais-ugrilaiset kielet t\u00e4n\u00e4\u00e4n -konferenssi<\/li><li>21.3. Maailman runouden p\u00e4iv\u00e4<\/li><li>4.-30.4. Albert Gy\u00f6rk\u00f6s M\u00e1nyin \u201dKalotaszegist\u00e4 Kalevalan unelmamaailmaan\u201d -taiden\u00e4yttely\u00a0<\/li><li>24.4. Kuhmon musiikkiopiston oppilaskonsertti P\u00e4lvi\u00e4 n\u00e4kyviss\u00e4<\/li><li>25.4. Arhippa Perttunen symposium<\/li><li>25.4. Runolaulup\u00e4iv\u00e4<\/li><li>5.6.-5.7. Kuhmon kes\u00e4muusikot<\/li><li>26.6.-2.7. Musiikkijuhla Sommelo<\/li><li>1.7.-31.7. Hilpe\u00e4 Hein\u00e4kuu<\/li><li>5.-11.7. Parppeinpirtin Vaaraviikot<\/li><li>9.-22.7. Kuhmon Kamarimusiikki<\/li><li>30.7. Jussi Huovisen muistokonsertti<\/li><li>18.-24.8. Elokuun elokuvat<\/li><li>1.9. Taiteiden y\u00f6<\/li><li>15.-17.9. Ison Karhun kantap\u00e4ill\u00e4 &#8211; TAPAHTUMA SIIRTYY MY\u00d6H\u00c4ISEMP\u00c4\u00c4N AJANKOHTAAN!<\/li><li>30.10.-5.11. Kekri<\/li><li>24.-26.11. Suomalais-ugrilaiset lauluperinteet -konferenssi<\/li><li>15.12. Juhlavuoden p\u00e4\u00e4t\u00f6stilaisuus<\/li><\/ul>\t\t\t\t\t\t<\/div>\n\t\t\t\t<\/div>\n\t\t\t\t\t<\/div>\n\t\t<\/div>\n\t\t\t\t\t<\/div>\n\t\t<\/section>\n\t\t\t\t<section class=\"elementor-section elementor-top-section elementor-element elementor-element-54c38ba elementor-section-boxed elementor-section-height-default elementor-section-height-default\" data-id=\"54c38ba\" data-element_type=\"section\">\n\t\t\t\t\t\t<div class=\"elementor-container elementor-column-gap-default\">\n\t\t\t\t\t<div class=\"elementor-column elementor-col-50 elementor-top-column elementor-element elementor-element-1970644\" data-id=\"1970644\" data-element_type=\"column\">\n\t\t\t<div class=\"elementor-widget-wrap elementor-element-populated\">\n\t\t\t\t\t\t<div class=\"elementor-element elementor-element-3280cbd elementor-widget elementor-widget-image\" data-id=\"3280cbd\" data-element_type=\"widget\" data-widget_type=\"image.default\">\n\t\t\t\t<div class=\"elementor-widget-container\">\n\t\t\t\t\t\t\t\t\t\t\t\t\t<img decoding=\"async\" width=\"512\" height=\"512\" src=\"https:\/\/runolaulu.fi\/suomalais-ugrilainen-kulttuuripaakaupunki-2023\/wp-content\/uploads\/2023\/01\/suomalais-ugrilainen-kulttuuripaakaupunki-kuhmo-logo.webp\" class=\"attachment-full size-full wp-image-7\" alt=\"Suomalais-ugrilainen kulttuurip\u00e4\u00e4kaupunki Kuhmo logo\" srcset=\"https:\/\/runolaulu.fi\/suomalais-ugrilainen-kulttuuripaakaupunki-2023\/wp-content\/uploads\/2023\/01\/suomalais-ugrilainen-kulttuuripaakaupunki-kuhmo-logo.webp 512w, https:\/\/runolaulu.fi\/suomalais-ugrilainen-kulttuuripaakaupunki-2023\/wp-content\/uploads\/2023\/01\/suomalais-ugrilainen-kulttuuripaakaupunki-kuhmo-logo-320x320.webp 320w\" sizes=\"(max-width: 512px) 100vw, 512px\" \/>\t\t\t\t\t\t\t\t\t\t\t\t\t<\/div>\n\t\t\t\t<\/div>\n\t\t\t\t\t<\/div>\n\t\t<\/div>\n\t\t\t\t<div class=\"elementor-column elementor-col-50 elementor-top-column elementor-element elementor-element-c24b9bb\" data-id=\"c24b9bb\" data-element_type=\"column\">\n\t\t\t<div class=\"elementor-widget-wrap elementor-element-populated\">\n\t\t\t\t\t\t<div class=\"elementor-element elementor-element-a01755d elementor-widget elementor-widget-heading\" data-id=\"a01755d\" data-element_type=\"widget\" data-widget_type=\"heading.default\">\n\t\t\t\t<div class=\"elementor-widget-container\">\n\t\t\t<style>\/*! elementor - v3.21.0 - 15-04-2024 *\/\n.elementor-heading-title{padding:0;margin:0;line-height:1}.elementor-widget-heading .elementor-heading-title[class*=elementor-size-]>a{color:inherit;font-size:inherit;line-height:inherit}.elementor-widget-heading .elementor-heading-title.elementor-size-small{font-size:15px}.elementor-widget-heading .elementor-heading-title.elementor-size-medium{font-size:19px}.elementor-widget-heading .elementor-heading-title.elementor-size-large{font-size:29px}.elementor-widget-heading .elementor-heading-title.elementor-size-xl{font-size:39px}.elementor-widget-heading .elementor-heading-title.elementor-size-xxl{font-size:59px}<\/style><h2 class=\"elementor-heading-title elementor-size-default\">Suomalais-ugrilainen kulttuuri&shy;p\u00e4\u00e4kaupunki Kuhmo<\/h2>\t\t<\/div>\n\t\t\t\t<\/div>\n\t\t\t\t<div class=\"elementor-element elementor-element-7cc2572 elementor-widget elementor-widget-text-editor\" data-id=\"7cc2572\" data-element_type=\"widget\" data-widget_type=\"text-editor.default\">\n\t\t\t\t<div class=\"elementor-widget-container\">\n\t\t\t\t\t\t\t<p>Ensimm\u00e4isen\u00e4 Suomessa, Kuhmo tuli valituksi suomalais-ugrilaiseksi kulttuurip\u00e4\u00e4kaupungiksi vuodelle 2023. Aikaisemmin valinta on kohdistunut joko Ven\u00e4j\u00e4n alueelle, Viroon tai Unkariin.<\/p>\t\t\t\t\t\t<\/div>\n\t\t\t\t<\/div>\n\t\t\t\t<div class=\"elementor-element elementor-element-ca41092 elementor-widget elementor-widget-button\" data-id=\"ca41092\" data-element_type=\"widget\" data-widget_type=\"button.default\">\n\t\t\t\t<div class=\"elementor-widget-container\">\n\t\t\t\t\t<div class=\"elementor-button-wrapper\">\n\t\t\t<a class=\"elementor-button elementor-button-link elementor-size-sm elementor-animation-grow\" href=\"http:\/\/localhost\/kuhmo2023\/suomalais-ugrilainen-kulttuuripaakaupunki-kuhmo\/\">\n\t\t\t\t\t\t<span class=\"elementor-button-content-wrapper\">\n\t\t\t\t\t\t<span class=\"elementor-button-icon elementor-align-icon-right\">\n\t\t\t\t<i aria-hidden=\"true\" class=\"fas fa-arrow-alt-circle-right\"><\/i>\t\t\t<\/span>\n\t\t\t\t\t\t\t\t\t<span class=\"elementor-button-text\">Tietoa ja historiaa<\/span>\n\t\t\t\t\t<\/span>\n\t\t\t\t\t<\/a>\n\t\t<\/div>\n\t\t\t\t<\/div>\n\t\t\t\t<\/div>\n\t\t\t\t\t<\/div>\n\t\t<\/div>\n\t\t\t\t\t<\/div>\n\t\t<\/section>\n\t\t\t\t<section class=\"elementor-section elementor-top-section elementor-element elementor-element-eb24165 elementor-section-boxed elementor-section-height-default elementor-section-height-default\" data-id=\"eb24165\" data-element_type=\"section\" data-settings=\"{&quot;background_background&quot;:&quot;classic&quot;}\">\n\t\t\t\t\t\t\t<div class=\"elementor-background-overlay\"><\/div>\n\t\t\t\t\t\t\t<div class=\"elementor-container elementor-column-gap-default\">\n\t\t\t\t\t<div class=\"elementor-column elementor-col-33 elementor-top-column elementor-element elementor-element-383f3cd\" data-id=\"383f3cd\" data-element_type=\"column\">\n\t\t\t<div class=\"elementor-widget-wrap elementor-element-populated\">\n\t\t\t\t\t\t<div class=\"elementor-element elementor-element-a5e9e55 elementor-widget elementor-widget-image\" data-id=\"a5e9e55\" data-element_type=\"widget\" data-widget_type=\"image.default\">\n\t\t\t\t<div class=\"elementor-widget-container\">\n\t\t\t\t\t\t\t\t\t\t\t\t\t<img decoding=\"async\" width=\"144\" height=\"144\" src=\"https:\/\/runolaulu.fi\/suomalais-ugrilainen-kulttuuripaakaupunki-2023\/wp-content\/uploads\/2023\/01\/ru.png\" class=\"attachment-full size-full wp-image-255\" alt=\"\" \/>\t\t\t\t\t\t\t\t\t\t\t\t\t<\/div>\n\t\t\t\t<\/div>\n\t\t\t\t<div class=\"elementor-element elementor-element-04b8a2c elementor-widget elementor-widget-global elementor-global-577 elementor-widget-heading\" data-id=\"04b8a2c\" data-element_type=\"widget\" data-widget_type=\"heading.default\">\n\t\t\t\t<div class=\"elementor-widget-container\">\n\t\t\t<h2 class=\"elementor-heading-title elementor-size-default\">\u041a\u0423\u0425\u041c\u041e- \u041a\u0423\u041b\u042c\u0422\u0423\u0420\u041d\u0410\u042f \u0421\u0422\u041e\u041b\u0418\u0426\u0410 \u0424\u0418\u041d\u041d\u041e-\u0423\u0413\u041e\u0420\u0421\u041a\u041e\u0413\u041e \u041c\u0418\u0420\u0410<\/h2>\t\t<\/div>\n\t\t\t\t<\/div>\n\t\t\t\t<div class=\"elementor-element elementor-element-f69f98a elementor-widget elementor-widget-global elementor-global-580 elementor-widget-text-editor\" data-id=\"f69f98a\" data-element_type=\"widget\" data-widget_type=\"text-editor.default\">\n\t\t\t\t<div class=\"elementor-widget-container\">\n\t\t\t\t\t\t\t<p>\u0412 \u043f\u0440\u043e\u0448\u043b\u043e\u043c \u0433\u043e\u0434\u0443 \u043c\u0435\u0436\u0434\u0443\u043d\u0430\u0440\u043e\u0434\u043d\u043e\u0435 \u043e\u0442\u0431\u043e\u0440\u043e\u0447\u043d\u043e\u0435 \u0436\u044e\u0440\u0438 \u0438\u0437 \u043f\u044f\u0442\u0438 \u0447\u0435\u043b\u043e\u0432\u0435\u043a \u0432\u044b\u0431\u0440\u0430\u043b\u043e \u0433\u043e\u0440\u043e\u0434 \u041a\u0443\u0445\u043c\u043e \u0432 \u041a\u0430\u0439\u043d\u0443\u0443 \u0432 \u043a\u0430\u0447\u0435\u0441\u0442\u0432\u0435 \u043a\u0443\u043b\u044c\u0442\u0443\u0440\u043d\u043e\u0439 \u0441\u0442\u043e\u043b\u0438\u0446\u044b \u0444\u0438\u043d\u043d\u043e-\u0443\u0433\u043e\u0440\u0441\u043a\u043e\u0433\u043e \u043c\u0438\u0440\u0430 2023 \u0433\u043e\u0434\u0430. \u0412 \u044d\u0442\u043e\u043c \u043a\u0430\u0447\u0435\u0441\u0442\u0432\u0435 \u0424\u0438\u043d\u043b\u044f\u043d\u0434\u0438\u044f \u0432\u044b\u0431\u0440\u0430\u043d\u0430 \u0432\u043f\u0435\u0440\u0432\u044b\u0435. \u0412 \u0442\u0435\u0447\u0435\u043d\u0438\u0435 \u0432\u0441\u0435\u0433\u043e \u0433\u043e\u0434\u0430 \u0431\u0443\u0434\u0435\u0442 \u043f\u0440\u043e\u0445\u043e\u0434\u0438\u0442\u044c \u043c\u043d\u043e\u0433\u043e \u0440\u0430\u0437\u043b\u0438\u0447\u043d\u044b\u0445 \u043c\u0435\u0440\u043e\u043f\u0440\u0438\u044f\u0442\u0438\u0439, \u043e\u0441\u043d\u043e\u0432\u043d\u043e\u0439 \u0446\u0435\u043b\u044c\u044e \u043a\u043e\u0442\u043e\u0440\u044b\u0445 \u044f\u0432\u043b\u044f\u0435\u0442\u0441\u044f \u043f\u043e\u0434\u0434\u0435\u0440\u0436\u043a\u0430 \u0438 \u0441\u043e\u0445\u0440\u0430\u043d\u0435\u043d\u0438\u044f \u0444\u0438\u043d\u043d\u043e-\u0443\u0433\u043e\u0440\u0441\u043a\u0438\u0445 \u044f\u0437\u044b\u043a\u043e\u0432 \u0438 \u043a\u0443\u043b\u044c\u0442\u0443\u0440, \u0430 \u0442\u0430\u043a\u0436\u0435, \u0431\u043b\u0430\u0433\u043e\u0434\u0430\u0440\u044f \u0440\u0430\u0437\u043d\u043e\u043e\u0431\u0440\u0430\u0437\u043d\u043e\u0439 \u043f\u0440\u043e\u0433\u0440\u0430\u043c\u043c\u0435, \u0434\u0430\u043b\u044c\u043d\u0435\u0439\u0448\u0435\u0435 \u0440\u0430\u0437\u0432\u0438\u0442\u0438\u0435 \u043a\u0443\u043b\u044c\u0442\u0443\u0440\u043d\u043e\u0433\u043e \u0442\u0443\u0440\u0438\u0437\u043c\u0430.<\/p><p><a href=\"http:\/\/localhost\/kuhmo2023\/en\/\u043a\u0443\u0445\u043c\u043e-\u043a\u0443\u043b\u044c\u0442\u0443\u0440\u043d\u0430\u044f-\u0441\u0442\u043e\u043b\u0438\u0446\u0430-\u0444\u0438\u043d\u043d\u043e-\u0443\u0433\u043e\u0440\u0441\/\">\u041f\u043e\u0434\u0440\u043e\u0431\u043d\u0435\u0435\u00a0\u00bb<\/a><\/p>\t\t\t\t\t\t<\/div>\n\t\t\t\t<\/div>\n\t\t\t\t\t<\/div>\n\t\t<\/div>\n\t\t\t\t<div class=\"elementor-column elementor-col-33 elementor-top-column elementor-element elementor-element-50bc0e1\" data-id=\"50bc0e1\" data-element_type=\"column\">\n\t\t\t<div class=\"elementor-widget-wrap elementor-element-populated\">\n\t\t\t\t\t\t<div class=\"elementor-element elementor-element-b09c5cb elementor-widget elementor-widget-image\" data-id=\"b09c5cb\" data-element_type=\"widget\" data-widget_type=\"image.default\">\n\t\t\t\t<div class=\"elementor-widget-container\">\n\t\t\t\t\t\t\t\t\t\t\t\t\t<img loading=\"lazy\" decoding=\"async\" width=\"144\" height=\"144\" src=\"https:\/\/runolaulu.fi\/suomalais-ugrilainen-kulttuuripaakaupunki-2023\/wp-content\/uploads\/2023\/01\/ee.png\" class=\"attachment-full size-full wp-image-256\" alt=\"\" \/>\t\t\t\t\t\t\t\t\t\t\t\t\t<\/div>\n\t\t\t\t<\/div>\n\t\t\t\t<div class=\"elementor-element elementor-element-4ee98e5 elementor-widget elementor-widget-global elementor-global-583 elementor-widget-heading\" data-id=\"4ee98e5\" data-element_type=\"widget\" data-widget_type=\"heading.default\">\n\t\t\t\t<div class=\"elementor-widget-container\">\n\t\t\t<h2 class=\"elementor-heading-title elementor-size-default\">KUHMO ON 2023. AASTA SOOME-UGRI KULTUURIPEALINN<\/h2>\t\t<\/div>\n\t\t\t\t<\/div>\n\t\t\t\t<div class=\"elementor-element elementor-element-163aa5e elementor-widget elementor-widget-global elementor-global-586 elementor-widget-text-editor\" data-id=\"163aa5e\" data-element_type=\"widget\" data-widget_type=\"text-editor.default\">\n\t\t\t\t<div class=\"elementor-widget-container\">\n\t\t\t\t\t\t\t<p>Rahvusvaheline \u017e\u00fcrii valis eelmisel aastal Kuhmo j\u00e4rgmiseks soome-ugri kultuuripealinnaks. Seega j\u00f5uab soome-ugri kultuuripealinna tiitel esmakordselt Soome.<\/p><p><a href=\"http:\/\/localhost\/kuhmo2023\/en\/kuhmo-on-2023-aasta-soome-ugri-kultuuripealinn\/\">Loe edasi\u00a0\u00bb<\/a><\/p>\t\t\t\t\t\t<\/div>\n\t\t\t\t<\/div>\n\t\t\t\t\t<\/div>\n\t\t<\/div>\n\t\t\t\t<div class=\"elementor-column elementor-col-33 elementor-top-column elementor-element elementor-element-17b94cf\" data-id=\"17b94cf\" data-element_type=\"column\">\n\t\t\t<div class=\"elementor-widget-wrap elementor-element-populated\">\n\t\t\t\t\t\t<div class=\"elementor-element elementor-element-e615e3c elementor-widget elementor-widget-image\" data-id=\"e615e3c\" data-element_type=\"widget\" data-widget_type=\"image.default\">\n\t\t\t\t<div class=\"elementor-widget-container\">\n\t\t\t\t\t\t\t\t\t\t\t\t\t<img loading=\"lazy\" decoding=\"async\" width=\"144\" height=\"144\" src=\"https:\/\/runolaulu.fi\/suomalais-ugrilainen-kulttuuripaakaupunki-2023\/wp-content\/uploads\/2023\/01\/hu.png\" class=\"attachment-full size-full wp-image-257\" alt=\"\" \/>\t\t\t\t\t\t\t\t\t\t\t\t\t<\/div>\n\t\t\t\t<\/div>\n\t\t\t\t<div class=\"elementor-element elementor-element-6df9cf6 elementor-widget elementor-widget-global elementor-global-589 elementor-widget-heading\" data-id=\"6df9cf6\" data-element_type=\"widget\" data-widget_type=\"heading.default\">\n\t\t\t\t<div class=\"elementor-widget-container\">\n\t\t\t<h2 class=\"elementor-heading-title elementor-size-default\">KUHMO A FINNUGOR KULT\u00daRA F\u0150V\u00c1ROSA 2023-BAN<\/h2>\t\t<\/div>\n\t\t\t\t<\/div>\n\t\t\t\t<div class=\"elementor-element elementor-element-6adba80 elementor-widget elementor-widget-global elementor-global-592 elementor-widget-text-editor\" data-id=\"6adba80\" data-element_type=\"widget\" data-widget_type=\"text-editor.default\">\n\t\t\t\t<div class=\"elementor-widget-container\">\n\t\t\t\t\t\t\t<p>Egy nemzetk\u00f6zi zs\u0171ri tavaly Kuhm\u00f3t v\u00e1lasztotta a k\u00f6vetkez\u0151 finnugor kultur\u00e1lis f\u0151v\u00e1rosnak. Ez az els\u0151 alkalom, hogy a finnugor kultur\u00e1lis f\u0151v\u00e1ros Finnorsz\u00e1gban lesz.<\/p><p><a href=\"http:\/\/localhost\/kuhmo2023\/en\/kuhmo-a-finnugor-kultura-fovarosa-2023-ban\/\">Tov\u00e1bb\u00a0\u00bb<\/a><\/p>\t\t\t\t\t\t<\/div>\n\t\t\t\t<\/div>\n\t\t\t\t\t<\/div>\n\t\t<\/div>\n\t\t\t\t\t<\/div>\n\t\t<\/section>\n\t\t\t\t<\/div>\n\t\t","protected":false},"excerpt":{"rendered":"<p>24.2. Juhlavuoden avajaiset 19.-28.2. Kuhmon Talvi 20.-28.2. Kalevalaviikko ja Kalevalan p\u00e4iv\u00e4 24.-26.2. Suomalais-ugrilaiset kielet t\u00e4n\u00e4\u00e4n -konferenssi 21.3. Maailman runouden p\u00e4iv\u00e4 4.-30.4. Albert Gy\u00f6rk\u00f6s M\u00e1nyin \u201dKalotaszegist\u00e4 Kalevalan unelmamaailmaan\u201d -taiden\u00e4yttely\u00a0 24.4. Kuhmon musiikkiopiston oppilaskonsertti P\u00e4lvi\u00e4 n\u00e4kyviss\u00e4 25.4. Arhippa Perttunen symposium 25.4. Runolaulup\u00e4iv\u00e4 5.6.-5.7. Kuhmon kes\u00e4muusikot 26.6.-2.7. Musiikkijuhla Sommelo 1.7.-31.7. Hilpe\u00e4 Hein\u00e4kuu 5.-11.7. Parppeinpirtin Vaaraviikot 9.-22.7. Kuhmon Kamarimusiikki [&hellip;]<\/p>\n","protected":false},"author":1,"featured_media":0,"parent":0,"menu_order":300,"comment_status":"closed","ping_status":"closed","template":"","meta":{"footnotes":""},"class_list":["post-13","page","type-page","status-publish","hentry"],"_links":{"self":[{"href":"https:\/\/runolaulu.fi\/suomalais-ugrilainen-kulttuuripaakaupunki-2023\/wp-json\/wp\/v2\/pages\/13","targetHints":{"allow":["GET"]}}],"collection":[{"href":"https:\/\/runolaulu.fi\/suomalais-ugrilainen-kulttuuripaakaupunki-2023\/wp-json\/wp\/v2\/pages"}],"about":[{"href":"https:\/\/runolaulu.fi\/suomalais-ugrilainen-kulttuuripaakaupunki-2023\/wp-json\/wp\/v2\/types\/page"}],"author":[{"embeddable":true,"href":"https:\/\/runolaulu.fi\/suomalais-ugrilainen-kulttuuripaakaupunki-2023\/wp-json\/wp\/v2\/users\/1"}],"replies":[{"embeddable":true,"href":"https:\/\/runolaulu.fi\/suomalais-ugrilainen-kulttuuripaakaupunki-2023\/wp-json\/wp\/v2\/comments?post=13"}],"version-history":[{"count":59,"href":"https:\/\/runolaulu.fi\/suomalais-ugrilainen-kulttuuripaakaupunki-2023\/wp-json\/wp\/v2\/pages\/13\/revisions"}],"predecessor-version":[{"id":1805,"href":"https:\/\/runolaulu.fi\/suomalais-ugrilainen-kulttuuripaakaupunki-2023\/wp-json\/wp\/v2\/pages\/13\/revisions\/1805"}],"wp:attachment":[{"href":"https:\/\/runolaulu.fi\/suomalais-ugrilainen-kulttuuripaakaupunki-2023\/wp-json\/wp\/v2\/media?parent=13"}],"curies":[{"name":"wp","href":"https:\/\/api.w.org\/{rel}","templated":true}]}}