{"id":488,"date":"2023-01-27T12:41:23","date_gmt":"2023-01-27T12:41:23","guid":{"rendered":"http:\/\/localhost\/kuhmo2023\/?page_id=488"},"modified":"2023-05-04T07:23:53","modified_gmt":"2023-05-04T07:23:53","slug":"short-summary-of-the-events","status":"publish","type":"page","link":"https:\/\/runolaulu.fi\/suomalais-ugrilainen-kulttuuripaakaupunki-2023\/en\/short-summary-of-the-events\/","title":{"rendered":"Programme"},"content":{"rendered":"\t\t<div data-elementor-type=\"wp-page\" data-elementor-id=\"488\" class=\"elementor elementor-488\" data-elementor-post-type=\"page\">\n\t\t\t\t\t\t<section class=\"elementor-section elementor-top-section elementor-element elementor-element-9c89c99 elementor-section-full_width elementor-section-height-default elementor-section-height-default\" data-id=\"9c89c99\" data-element_type=\"section\">\n\t\t\t\t\t\t<div class=\"elementor-container elementor-column-gap-default\">\n\t\t\t\t\t<div class=\"elementor-column elementor-col-100 elementor-top-column elementor-element elementor-element-be5d00f\" data-id=\"be5d00f\" data-element_type=\"column\" data-settings=\"{&quot;background_background&quot;:&quot;classic&quot;}\">\n\t\t\t<div class=\"elementor-widget-wrap elementor-element-populated\">\n\t\t\t\t\t\t<div class=\"elementor-element elementor-element-f0e7f78 elementor-widget elementor-widget-image\" data-id=\"f0e7f78\" data-element_type=\"widget\" data-widget_type=\"image.default\">\n\t\t\t\t<div class=\"elementor-widget-container\">\n\t\t\t<style>\/*! elementor - v3.21.0 - 15-04-2024 *\/\n.elementor-widget-image{text-align:center}.elementor-widget-image a{display:inline-block}.elementor-widget-image a img[src$=\".svg\"]{width:48px}.elementor-widget-image img{vertical-align:middle;display:inline-block}<\/style>\t\t\t\t\t\t\t\t\t\t<img fetchpriority=\"high\" decoding=\"async\" width=\"1920\" height=\"397\" src=\"https:\/\/runolaulu.fi\/suomalais-ugrilainen-kulttuuripaakaupunki-2023\/wp-content\/uploads\/2023\/01\/headerkuva-ohjelma.webp\" class=\"attachment-full size-full wp-image-754\" alt=\"Suomalais-ugrilainen kulttuurip\u00e4\u00e4kaupunki Kuhmo\" srcset=\"https:\/\/runolaulu.fi\/suomalais-ugrilainen-kulttuuripaakaupunki-2023\/wp-content\/uploads\/2023\/01\/headerkuva-ohjelma.webp 1920w, https:\/\/runolaulu.fi\/suomalais-ugrilainen-kulttuuripaakaupunki-2023\/wp-content\/uploads\/2023\/01\/headerkuva-ohjelma-640x132.webp 640w, https:\/\/runolaulu.fi\/suomalais-ugrilainen-kulttuuripaakaupunki-2023\/wp-content\/uploads\/2023\/01\/headerkuva-ohjelma-960x199.webp 960w, https:\/\/runolaulu.fi\/suomalais-ugrilainen-kulttuuripaakaupunki-2023\/wp-content\/uploads\/2023\/01\/headerkuva-ohjelma-768x159.webp 768w, https:\/\/runolaulu.fi\/suomalais-ugrilainen-kulttuuripaakaupunki-2023\/wp-content\/uploads\/2023\/01\/headerkuva-ohjelma-1536x318.webp 1536w\" sizes=\"(max-width: 1920px) 100vw, 1920px\" \/>\t\t\t\t\t\t\t\t\t\t\t\t\t<\/div>\n\t\t\t\t<\/div>\n\t\t\t\t\t<\/div>\n\t\t<\/div>\n\t\t\t\t\t<\/div>\n\t\t<\/section>\n\t\t\t\t<section class=\"elementor-section elementor-top-section elementor-element elementor-element-1dce7b3 elementor-section-boxed elementor-section-height-default elementor-section-height-default\" data-id=\"1dce7b3\" data-element_type=\"section\">\n\t\t\t\t\t\t\t<div class=\"elementor-background-overlay\"><\/div>\n\t\t\t\t\t\t\t<div class=\"elementor-container elementor-column-gap-default\">\n\t\t\t\t\t<div class=\"elementor-column elementor-col-100 elementor-top-column elementor-element elementor-element-6b65704\" data-id=\"6b65704\" data-element_type=\"column\">\n\t\t\t<div class=\"elementor-widget-wrap elementor-element-populated\">\n\t\t\t\t\t\t<div class=\"elementor-element elementor-element-85c5f9e elementor-widget elementor-widget-heading\" data-id=\"85c5f9e\" data-element_type=\"widget\" data-widget_type=\"heading.default\">\n\t\t\t\t<div class=\"elementor-widget-container\">\n\t\t\t<style>\/*! elementor - v3.21.0 - 15-04-2024 *\/\n.elementor-heading-title{padding:0;margin:0;line-height:1}.elementor-widget-heading .elementor-heading-title[class*=elementor-size-]>a{color:inherit;font-size:inherit;line-height:inherit}.elementor-widget-heading .elementor-heading-title.elementor-size-small{font-size:15px}.elementor-widget-heading .elementor-heading-title.elementor-size-medium{font-size:19px}.elementor-widget-heading .elementor-heading-title.elementor-size-large{font-size:29px}.elementor-widget-heading .elementor-heading-title.elementor-size-xl{font-size:39px}.elementor-widget-heading .elementor-heading-title.elementor-size-xxl{font-size:59px}<\/style><h2 class=\"elementor-heading-title elementor-size-default\">Programme of the Year<\/h2>\t\t<\/div>\n\t\t\t\t<\/div>\n\t\t\t\t<div class=\"elementor-element elementor-element-e6c8aa4 elementor-widget elementor-widget-text-editor\" data-id=\"e6c8aa4\" data-element_type=\"widget\" data-widget_type=\"text-editor.default\">\n\t\t\t\t<div class=\"elementor-widget-container\">\n\t\t\t<style>\/*! elementor - v3.21.0 - 15-04-2024 *\/\n.elementor-widget-text-editor.elementor-drop-cap-view-stacked .elementor-drop-cap{background-color:#69727d;color:#fff}.elementor-widget-text-editor.elementor-drop-cap-view-framed .elementor-drop-cap{color:#69727d;border:3px solid;background-color:transparent}.elementor-widget-text-editor:not(.elementor-drop-cap-view-default) .elementor-drop-cap{margin-top:8px}.elementor-widget-text-editor:not(.elementor-drop-cap-view-default) .elementor-drop-cap-letter{width:1em;height:1em}.elementor-widget-text-editor .elementor-drop-cap{float:left;text-align:center;line-height:1;font-size:50px}.elementor-widget-text-editor .elementor-drop-cap-letter{display:inline-block}<\/style>\t\t\t\t<ul><li>24.2. Opening Ceremony<\/li><li>19.-28.2. Kuhmo Culture Celebrates Winter<\/li><li>20.-28.2. Kalevala Week and Kalevala Day<\/li><li>24.-26.2. Finno-Ugric Languages Today -conference<\/li><li>21.3. World Poetry Day<\/li><li>4.-30.4 Kalotaszeg- and Kalevala-themed paintings by Hungarian artist Albert Gy\u00f6rk\u00f6s M\u00e1nyi\u00a0<\/li><li>24.4. Concert of the Kuhmo Music Institute<\/li><li>25.4. Arhippa Perttunen Symposium<\/li><li>25.4. Runosong Day<\/li><li>5.6.-5.7. Kuhmo Summer Musicians<\/li><li>26.6.-2.7. Ethno Music Festival Sommelo<\/li><li>1.7.-31.7. Jolly July<\/li><li>5.-11.7. Week in Parppeinpirtti, Ilomantsi<\/li><li>9.-22.7. Kuhmo Chamber Music<\/li><li>30.7. Concert In the memory of Jussi Huovinen<\/li><li>18.-24.8. Movies in August<\/li><li>1.9. Night of the Arts<\/li><li>15.-17.9. On the Trails of the Big Bear<\/li><li>30.10.-5.11. Kekri \u2013 the old Finnish celebration week<\/li><li>24.-26.11. Conference on Finno-Ugric singing traditions<\/li><li>15.12. Closing Event of the Year<\/li><\/ul>\t\t\t\t\t\t<\/div>\n\t\t\t\t<\/div>\n\t\t\t\t\t<\/div>\n\t\t<\/div>\n\t\t\t\t\t<\/div>\n\t\t<\/section>\n\t\t\t\t<section class=\"elementor-section elementor-top-section elementor-element elementor-element-66a417b elementor-section-boxed elementor-section-height-default elementor-section-height-default\" data-id=\"66a417b\" data-element_type=\"section\">\n\t\t\t\t\t\t<div class=\"elementor-container elementor-column-gap-default\">\n\t\t\t\t\t<div class=\"elementor-column elementor-col-50 elementor-top-column elementor-element elementor-element-f510216\" data-id=\"f510216\" data-element_type=\"column\">\n\t\t\t<div class=\"elementor-widget-wrap elementor-element-populated\">\n\t\t\t\t\t\t<div class=\"elementor-element elementor-element-aec814e elementor-widget elementor-widget-image\" data-id=\"aec814e\" data-element_type=\"widget\" data-widget_type=\"image.default\">\n\t\t\t\t<div class=\"elementor-widget-container\">\n\t\t\t\t\t\t\t\t\t\t\t\t\t<img decoding=\"async\" width=\"512\" height=\"512\" src=\"https:\/\/runolaulu.fi\/suomalais-ugrilainen-kulttuuripaakaupunki-2023\/wp-content\/uploads\/2023\/01\/suomalais-ugrilainen-kulttuuripaakaupunki-kuhmo-logo-en.webp\" class=\"attachment-full size-full wp-image-10\" alt=\"Suomalais-ugrilainen kulttuurip\u00e4\u00e4kaupunki Kuhmo logo\" srcset=\"https:\/\/runolaulu.fi\/suomalais-ugrilainen-kulttuuripaakaupunki-2023\/wp-content\/uploads\/2023\/01\/suomalais-ugrilainen-kulttuuripaakaupunki-kuhmo-logo-en.webp 512w, https:\/\/runolaulu.fi\/suomalais-ugrilainen-kulttuuripaakaupunki-2023\/wp-content\/uploads\/2023\/01\/suomalais-ugrilainen-kulttuuripaakaupunki-kuhmo-logo-en-320x320.webp 320w\" sizes=\"(max-width: 512px) 100vw, 512px\" \/>\t\t\t\t\t\t\t\t\t\t\t\t\t<\/div>\n\t\t\t\t<\/div>\n\t\t\t\t\t<\/div>\n\t\t<\/div>\n\t\t\t\t<div class=\"elementor-column elementor-col-50 elementor-top-column elementor-element elementor-element-eab342b\" data-id=\"eab342b\" data-element_type=\"column\">\n\t\t\t<div class=\"elementor-widget-wrap elementor-element-populated\">\n\t\t\t\t\t\t<div class=\"elementor-element elementor-element-b91c685 elementor-widget elementor-widget-heading\" data-id=\"b91c685\" data-element_type=\"widget\" data-widget_type=\"heading.default\">\n\t\t\t\t<div class=\"elementor-widget-container\">\n\t\t\t<h2 class=\"elementor-heading-title elementor-size-default\">Kuhmo is Finno-Ugric Capital of Culture 2023<\/h2>\t\t<\/div>\n\t\t\t\t<\/div>\n\t\t\t\t<div class=\"elementor-element elementor-element-723799b elementor-widget elementor-widget-text-editor\" data-id=\"723799b\" data-element_type=\"widget\" data-widget_type=\"text-editor.default\">\n\t\t\t\t<div class=\"elementor-widget-container\">\n\t\t\t\t\t\t\t<p>A first for Finland, Kuhmo was chosen as the Finno-Ugric Capital of Culture for 2023. In the past, the nomination has gone to the territories of Russia, Estonia and Hungary.<\/p>\t\t\t\t\t\t<\/div>\n\t\t\t\t<\/div>\n\t\t\t\t<div class=\"elementor-element elementor-element-457fb6a elementor-widget elementor-widget-button\" data-id=\"457fb6a\" data-element_type=\"widget\" data-widget_type=\"button.default\">\n\t\t\t\t<div class=\"elementor-widget-container\">\n\t\t\t\t\t<div class=\"elementor-button-wrapper\">\n\t\t\t<a class=\"elementor-button elementor-button-link elementor-size-sm elementor-animation-grow\" href=\"http:\/\/localhost\/kuhmo2023\/en\/kuhmo-is-finno-ugric-capital-of-culture-2023\/\">\n\t\t\t\t\t\t<span class=\"elementor-button-content-wrapper\">\n\t\t\t\t\t\t<span class=\"elementor-button-icon elementor-align-icon-right\">\n\t\t\t\t<i aria-hidden=\"true\" class=\"fas fa-arrow-alt-circle-right\"><\/i>\t\t\t<\/span>\n\t\t\t\t\t\t\t\t\t<span class=\"elementor-button-text\">Information<\/span>\n\t\t\t\t\t<\/span>\n\t\t\t\t\t<\/a>\n\t\t<\/div>\n\t\t\t\t<\/div>\n\t\t\t\t<\/div>\n\t\t\t\t\t<\/div>\n\t\t<\/div>\n\t\t\t\t\t<\/div>\n\t\t<\/section>\n\t\t\t\t<section class=\"elementor-section elementor-top-section elementor-element elementor-element-1b8e202 elementor-section-boxed elementor-section-height-default elementor-section-height-default\" data-id=\"1b8e202\" data-element_type=\"section\" data-settings=\"{&quot;background_background&quot;:&quot;classic&quot;}\">\n\t\t\t\t\t\t\t<div class=\"elementor-background-overlay\"><\/div>\n\t\t\t\t\t\t\t<div class=\"elementor-container elementor-column-gap-default\">\n\t\t\t\t\t<div class=\"elementor-column elementor-col-33 elementor-top-column elementor-element elementor-element-53e044f\" data-id=\"53e044f\" data-element_type=\"column\">\n\t\t\t<div class=\"elementor-widget-wrap elementor-element-populated\">\n\t\t\t\t\t\t<div class=\"elementor-element elementor-element-34f8d6a elementor-widget elementor-widget-image\" data-id=\"34f8d6a\" data-element_type=\"widget\" data-widget_type=\"image.default\">\n\t\t\t\t<div class=\"elementor-widget-container\">\n\t\t\t\t\t\t\t\t\t\t\t\t\t<img decoding=\"async\" width=\"144\" height=\"144\" src=\"https:\/\/runolaulu.fi\/suomalais-ugrilainen-kulttuuripaakaupunki-2023\/wp-content\/uploads\/2023\/01\/ru.png\" class=\"attachment-full size-full wp-image-255\" alt=\"\" \/>\t\t\t\t\t\t\t\t\t\t\t\t\t<\/div>\n\t\t\t\t<\/div>\n\t\t\t\t<div class=\"elementor-element elementor-element-64904e8 elementor-widget elementor-widget-global elementor-global-577 elementor-widget-heading\" data-id=\"64904e8\" data-element_type=\"widget\" data-widget_type=\"heading.default\">\n\t\t\t\t<div class=\"elementor-widget-container\">\n\t\t\t<h2 class=\"elementor-heading-title elementor-size-default\">\u041a\u0423\u0425\u041c\u041e- \u041a\u0423\u041b\u042c\u0422\u0423\u0420\u041d\u0410\u042f \u0421\u0422\u041e\u041b\u0418\u0426\u0410 \u0424\u0418\u041d\u041d\u041e-\u0423\u0413\u041e\u0420\u0421\u041a\u041e\u0413\u041e \u041c\u0418\u0420\u0410<\/h2>\t\t<\/div>\n\t\t\t\t<\/div>\n\t\t\t\t<div class=\"elementor-element elementor-element-df1a31e elementor-widget elementor-widget-global elementor-global-580 elementor-widget-text-editor\" data-id=\"df1a31e\" data-element_type=\"widget\" data-widget_type=\"text-editor.default\">\n\t\t\t\t<div class=\"elementor-widget-container\">\n\t\t\t\t\t\t\t<p>\u0412 \u043f\u0440\u043e\u0448\u043b\u043e\u043c \u0433\u043e\u0434\u0443 \u043c\u0435\u0436\u0434\u0443\u043d\u0430\u0440\u043e\u0434\u043d\u043e\u0435 \u043e\u0442\u0431\u043e\u0440\u043e\u0447\u043d\u043e\u0435 \u0436\u044e\u0440\u0438 \u0438\u0437 \u043f\u044f\u0442\u0438 \u0447\u0435\u043b\u043e\u0432\u0435\u043a \u0432\u044b\u0431\u0440\u0430\u043b\u043e \u0433\u043e\u0440\u043e\u0434 \u041a\u0443\u0445\u043c\u043e \u0432 \u041a\u0430\u0439\u043d\u0443\u0443 \u0432 \u043a\u0430\u0447\u0435\u0441\u0442\u0432\u0435 \u043a\u0443\u043b\u044c\u0442\u0443\u0440\u043d\u043e\u0439 \u0441\u0442\u043e\u043b\u0438\u0446\u044b \u0444\u0438\u043d\u043d\u043e-\u0443\u0433\u043e\u0440\u0441\u043a\u043e\u0433\u043e \u043c\u0438\u0440\u0430 2023 \u0433\u043e\u0434\u0430. \u0412 \u044d\u0442\u043e\u043c \u043a\u0430\u0447\u0435\u0441\u0442\u0432\u0435 \u0424\u0438\u043d\u043b\u044f\u043d\u0434\u0438\u044f \u0432\u044b\u0431\u0440\u0430\u043d\u0430 \u0432\u043f\u0435\u0440\u0432\u044b\u0435. \u0412 \u0442\u0435\u0447\u0435\u043d\u0438\u0435 \u0432\u0441\u0435\u0433\u043e \u0433\u043e\u0434\u0430 \u0431\u0443\u0434\u0435\u0442 \u043f\u0440\u043e\u0445\u043e\u0434\u0438\u0442\u044c \u043c\u043d\u043e\u0433\u043e \u0440\u0430\u0437\u043b\u0438\u0447\u043d\u044b\u0445 \u043c\u0435\u0440\u043e\u043f\u0440\u0438\u044f\u0442\u0438\u0439, \u043e\u0441\u043d\u043e\u0432\u043d\u043e\u0439 \u0446\u0435\u043b\u044c\u044e \u043a\u043e\u0442\u043e\u0440\u044b\u0445 \u044f\u0432\u043b\u044f\u0435\u0442\u0441\u044f \u043f\u043e\u0434\u0434\u0435\u0440\u0436\u043a\u0430 \u0438 \u0441\u043e\u0445\u0440\u0430\u043d\u0435\u043d\u0438\u044f \u0444\u0438\u043d\u043d\u043e-\u0443\u0433\u043e\u0440\u0441\u043a\u0438\u0445 \u044f\u0437\u044b\u043a\u043e\u0432 \u0438 \u043a\u0443\u043b\u044c\u0442\u0443\u0440, \u0430 \u0442\u0430\u043a\u0436\u0435, \u0431\u043b\u0430\u0433\u043e\u0434\u0430\u0440\u044f \u0440\u0430\u0437\u043d\u043e\u043e\u0431\u0440\u0430\u0437\u043d\u043e\u0439 \u043f\u0440\u043e\u0433\u0440\u0430\u043c\u043c\u0435, \u0434\u0430\u043b\u044c\u043d\u0435\u0439\u0448\u0435\u0435 \u0440\u0430\u0437\u0432\u0438\u0442\u0438\u0435 \u043a\u0443\u043b\u044c\u0442\u0443\u0440\u043d\u043e\u0433\u043e \u0442\u0443\u0440\u0438\u0437\u043c\u0430.<\/p><p><a href=\"http:\/\/localhost\/kuhmo2023\/en\/\u043a\u0443\u0445\u043c\u043e-\u043a\u0443\u043b\u044c\u0442\u0443\u0440\u043d\u0430\u044f-\u0441\u0442\u043e\u043b\u0438\u0446\u0430-\u0444\u0438\u043d\u043d\u043e-\u0443\u0433\u043e\u0440\u0441\/\">\u041f\u043e\u0434\u0440\u043e\u0431\u043d\u0435\u0435\u00a0\u00bb<\/a><\/p>\t\t\t\t\t\t<\/div>\n\t\t\t\t<\/div>\n\t\t\t\t\t<\/div>\n\t\t<\/div>\n\t\t\t\t<div class=\"elementor-column elementor-col-33 elementor-top-column elementor-element elementor-element-dcfa062\" data-id=\"dcfa062\" data-element_type=\"column\">\n\t\t\t<div class=\"elementor-widget-wrap elementor-element-populated\">\n\t\t\t\t\t\t<div class=\"elementor-element elementor-element-f7ca45b elementor-widget elementor-widget-image\" data-id=\"f7ca45b\" data-element_type=\"widget\" data-widget_type=\"image.default\">\n\t\t\t\t<div class=\"elementor-widget-container\">\n\t\t\t\t\t\t\t\t\t\t\t\t\t<img loading=\"lazy\" decoding=\"async\" width=\"144\" height=\"144\" src=\"https:\/\/runolaulu.fi\/suomalais-ugrilainen-kulttuuripaakaupunki-2023\/wp-content\/uploads\/2023\/01\/ee.png\" class=\"attachment-full size-full wp-image-256\" alt=\"\" \/>\t\t\t\t\t\t\t\t\t\t\t\t\t<\/div>\n\t\t\t\t<\/div>\n\t\t\t\t<div class=\"elementor-element elementor-element-4220d84 elementor-widget elementor-widget-global elementor-global-583 elementor-widget-heading\" data-id=\"4220d84\" data-element_type=\"widget\" data-widget_type=\"heading.default\">\n\t\t\t\t<div class=\"elementor-widget-container\">\n\t\t\t<h2 class=\"elementor-heading-title elementor-size-default\">KUHMO ON 2023. AASTA SOOME-UGRI KULTUURIPEALINN<\/h2>\t\t<\/div>\n\t\t\t\t<\/div>\n\t\t\t\t<div class=\"elementor-element elementor-element-0ed75e2 elementor-widget elementor-widget-global elementor-global-586 elementor-widget-text-editor\" data-id=\"0ed75e2\" data-element_type=\"widget\" data-widget_type=\"text-editor.default\">\n\t\t\t\t<div class=\"elementor-widget-container\">\n\t\t\t\t\t\t\t<p>Rahvusvaheline \u017e\u00fcrii valis eelmisel aastal Kuhmo j\u00e4rgmiseks soome-ugri kultuuripealinnaks. Seega j\u00f5uab soome-ugri kultuuripealinna tiitel esmakordselt Soome.<\/p><p><a href=\"http:\/\/localhost\/kuhmo2023\/en\/kuhmo-on-2023-aasta-soome-ugri-kultuuripealinn\/\">Loe edasi\u00a0\u00bb<\/a><\/p>\t\t\t\t\t\t<\/div>\n\t\t\t\t<\/div>\n\t\t\t\t\t<\/div>\n\t\t<\/div>\n\t\t\t\t<div class=\"elementor-column elementor-col-33 elementor-top-column elementor-element elementor-element-3d97585\" data-id=\"3d97585\" data-element_type=\"column\">\n\t\t\t<div class=\"elementor-widget-wrap elementor-element-populated\">\n\t\t\t\t\t\t<div class=\"elementor-element elementor-element-584b441 elementor-widget elementor-widget-image\" data-id=\"584b441\" data-element_type=\"widget\" data-widget_type=\"image.default\">\n\t\t\t\t<div class=\"elementor-widget-container\">\n\t\t\t\t\t\t\t\t\t\t\t\t\t<img loading=\"lazy\" decoding=\"async\" width=\"144\" height=\"144\" src=\"https:\/\/runolaulu.fi\/suomalais-ugrilainen-kulttuuripaakaupunki-2023\/wp-content\/uploads\/2023\/01\/hu.png\" class=\"attachment-full size-full wp-image-257\" alt=\"\" \/>\t\t\t\t\t\t\t\t\t\t\t\t\t<\/div>\n\t\t\t\t<\/div>\n\t\t\t\t<div class=\"elementor-element elementor-element-d7df945 elementor-widget elementor-widget-global elementor-global-589 elementor-widget-heading\" data-id=\"d7df945\" data-element_type=\"widget\" data-widget_type=\"heading.default\">\n\t\t\t\t<div class=\"elementor-widget-container\">\n\t\t\t<h2 class=\"elementor-heading-title elementor-size-default\">KUHMO A FINNUGOR KULT\u00daRA F\u0150V\u00c1ROSA 2023-BAN<\/h2>\t\t<\/div>\n\t\t\t\t<\/div>\n\t\t\t\t<div class=\"elementor-element elementor-element-6d159e0 elementor-widget elementor-widget-global elementor-global-592 elementor-widget-text-editor\" data-id=\"6d159e0\" data-element_type=\"widget\" data-widget_type=\"text-editor.default\">\n\t\t\t\t<div class=\"elementor-widget-container\">\n\t\t\t\t\t\t\t<p>Egy nemzetk\u00f6zi zs\u0171ri tavaly Kuhm\u00f3t v\u00e1lasztotta a k\u00f6vetkez\u0151 finnugor kultur\u00e1lis f\u0151v\u00e1rosnak. Ez az els\u0151 alkalom, hogy a finnugor kultur\u00e1lis f\u0151v\u00e1ros Finnorsz\u00e1gban lesz.<\/p><p><a href=\"http:\/\/localhost\/kuhmo2023\/en\/kuhmo-a-finnugor-kultura-fovarosa-2023-ban\/\">Tov\u00e1bb\u00a0\u00bb<\/a><\/p>\t\t\t\t\t\t<\/div>\n\t\t\t\t<\/div>\n\t\t\t\t\t<\/div>\n\t\t<\/div>\n\t\t\t\t\t<\/div>\n\t\t<\/section>\n\t\t\t\t<\/div>\n\t\t","protected":false},"excerpt":{"rendered":"<p>Programme of the Year 24.2. Opening Ceremony 19.-28.2. Kuhmo Culture Celebrates Winter 20.-28.2. Kalevala Week and Kalevala Day 24.-26.2. Finno-Ugric Languages Today -conference 21.3. World Poetry Day 4.-30.4 Kalotaszeg- and Kalevala-themed paintings by Hungarian artist Albert Gy\u00f6rk\u00f6s M\u00e1nyi\u00a0 24.4. Concert of the Kuhmo Music Institute 25.4. Arhippa Perttunen Symposium 25.4. Runosong Day 5.6.-5.7. Kuhmo Summer [&hellip;]<\/p>\n","protected":false},"author":1,"featured_media":0,"parent":0,"menu_order":300,"comment_status":"closed","ping_status":"closed","template":"","meta":{"footnotes":""},"class_list":["post-488","page","type-page","status-publish","hentry"],"_links":{"self":[{"href":"https:\/\/runolaulu.fi\/suomalais-ugrilainen-kulttuuripaakaupunki-2023\/wp-json\/wp\/v2\/pages\/488","targetHints":{"allow":["GET"]}}],"collection":[{"href":"https:\/\/runolaulu.fi\/suomalais-ugrilainen-kulttuuripaakaupunki-2023\/wp-json\/wp\/v2\/pages"}],"about":[{"href":"https:\/\/runolaulu.fi\/suomalais-ugrilainen-kulttuuripaakaupunki-2023\/wp-json\/wp\/v2\/types\/page"}],"author":[{"embeddable":true,"href":"https:\/\/runolaulu.fi\/suomalais-ugrilainen-kulttuuripaakaupunki-2023\/wp-json\/wp\/v2\/users\/1"}],"replies":[{"embeddable":true,"href":"https:\/\/runolaulu.fi\/suomalais-ugrilainen-kulttuuripaakaupunki-2023\/wp-json\/wp\/v2\/comments?post=488"}],"version-history":[{"count":61,"href":"https:\/\/runolaulu.fi\/suomalais-ugrilainen-kulttuuripaakaupunki-2023\/wp-json\/wp\/v2\/pages\/488\/revisions"}],"predecessor-version":[{"id":1622,"href":"https:\/\/runolaulu.fi\/suomalais-ugrilainen-kulttuuripaakaupunki-2023\/wp-json\/wp\/v2\/pages\/488\/revisions\/1622"}],"wp:attachment":[{"href":"https:\/\/runolaulu.fi\/suomalais-ugrilainen-kulttuuripaakaupunki-2023\/wp-json\/wp\/v2\/media?parent=488"}],"curies":[{"name":"wp","href":"https:\/\/api.w.org\/{rel}","templated":true}]}}